s 361413209 composite?
True
Is 4032338131 composite?
True
Is 3186835801 a composite number?
False
Is 15978993766 a composite number?
True
Is 1841973793 composite?
True
Is 1982552701 prime?
False
Is 2535233639 composite?
False
Is 346964087 a composite number?
False
Is 634345597 composite?
True
Is 36978947 a prime number?
False
Is 2152740241 a composite number?
False
Is 54856077929 a composite number?
False
Is 70419597517 composite?
False
Is 3017427037 a composite number?
True
Is 1740502117 composite?
True
Is 2131906537 a prime number?
False
Is 56685169147 a prime number?
False
Is 322574359 a prime number?
False
Is 93353489939 a prime number?
False
Is 64993871357 a composite number?
True
Is 2160805027 a composite number?
True
Is 743423047 a prime number?
True
Is 260965979 composite?
True
Is 9396182239 a prime number?
False
Is 119653627 a prime number?
False
Is 52040110531 a composite number?
True
Is 132782148383 a composite number?
False
Is 143897707 composite?
True
Is 2669654737 prime?
True
Is 3557751929 a prime number?
False
Is 30041907341 a prime number?
False
Is 2242869089 prime?
False
Is 1062029231 prime?
True
Is 212529071 prime?
False
Is 32629743485 a prime number?
False
Is 58250990671 composite?
True
Is 115697435359 prime?
False
Is 8711865949 a prime number?
True
Is 66208867 composite?
True
Is 1765928993 a composite number?
False
Is 4862609369 prime?
True
Is 1988268911 a prime number?
True
Is 468819151 composite?
False
Is 3615512123 prime?
False
Is 9599706703 composite?
True
Is 77902952623 prime?
True
Is 6550042951 composite?
True
Is 3760433282 prime?
False
Is 290295437 composite?
True
Is 381373667 a prime number?
False
Is 577741861 composite?
True
Is 1466283601 a composite number?
True
Is 293576119 a prime number?
False
Is 3198771679 a prime number?
True
Is 10523502173 composite?
True
Is 43075662521 composite?
True
Is 202171793 a prime number?
True
Is 503354651 a prime number?
True
Is 212034508841 a composite number?
False
Is 158084071 composite?
True
Is 557872961 prime?
True
Is 709008601 a prime number?
False
Is 21527528611 a prime number?
True
Is 8021614949 a prime number?
True
Is 79343903 prime?
False
Is 22888916893 composite?
True
Is 680318069 prime?
False
Is 5104699 a composite number?
False
Is 1095377557 a composite number?
True
Is 113690351 prime?
False
Is 3949769627 prime?
True
Is 32117080943 a prime number?
False
Is 33867353701 composite?
True
Is 307644539 prime?
True
Is 56575160017 composite?
False
Is 65764411 prime?
True
Is 28488953399 a composite number?
True
Is 10342789 composite?
False
Is 505169593 composite?
True
Is 623222696011 prime?
False
Is 397741709 prime?
True
Is 2132581757 prime?
True
Is 1348885249 prime?
True
Is 37493089073 prime?
False
Is 3827315593 prime?
False
Is 69442939 prime?
True
Is 378645863 prime?
True
Is 30736955701 a prime number?
True
Is 598681949 composite?
False
Is 1067482379 composite?
True
Is 26626945493 prime?
True
Is 8043768133 a prime number?
True
Is 60932123 composite?
True
Is 2057643763 a composite number?
True
Is 54136389319 a composite number?
False
Is 8986688147 a prime number?
True
Is 14088507071 a composite number?
False
Is 10529755007 prime?
True
Is 4788863033 prime?
True
Is 9636158209 a composite number?
True
Is 3808702361 composite?
True
Is 31124466931 composite?
False
Is 24107140186 prime?
False
Is 2807370499 a prime number?
True
Is 44165656793 composite?
False
Is 28199986781 a composite number?
True
Is 4516616239 prime?
True
Is 4461086533 composite?
False
Is 2035217417 prime?
True
Is 56763527893 prime?
True
Is 11186086559 composite?
False
Is 482256497 a composite number?
False
Is 23866831987 a composite number?
False
Is 207291187 prime?
True
Is 757562833 a composite number?
False
Is 10284706849 composite?
False
Is 3894469717 a composite number?
True
Is 659717741 composite?
False
Is 2279328259 composite?
True
Is 39954972061 prime?
True
Is 1066220957 prime?
True
Is 3494576798 a composite number?
True
Is 5306982647 a prime number?
False
Is 7414720441 a prime number?
True
Is 3002818591 composite?
False
Is 981717223 a composite number?
False
Is 193772695 a prime number?
False
Is 262917979 a prime number?
False
Is 439948031 prime?
False
Is 23871080341 composite?
False
Is 177495566899 a prime number?
False
Is 4248588569 composite?
False
Is 73289352797 a prime number?
True
Is 20285743111 composite?
False
Is 4275067273 a prime number?
True
Is 42705483011 a composite number?
True
Is 17226479 composite?
True
Is 454922779 prime?
True
Is 43128997 composite?
True
Is 48403892767 composite?
False
Is 9789887963 a composite number?
True
Is 18424283 a prime number?
False
Is 861984599 composite?
True
Is 2037564649 a composite number?
True
Is 142522810717 a prime number?
False
Is 23366719399 prime?
True
Is 1684574581 a composite number?
False
Is 122838823 a composite number?
True
Is 1871688127 composite?
False
Is 337719937 a prime number?
True
Is 235821329 a composite number?
False
Is 4093736107 a composite number?
False
Is 13197748549 composite?
False
Is 761055969 a composite number?
True
Is 5099346881 composite?
False
Is 2379508427 prime?
False
Is 85810467 prime?
False
Is 82661619839 a prime number?
False
Is 328748503 a composite number?
True
Is 8929631287 a prime number?
True
Is 14921598077 a composite number?
True
Is 187641329 a composite number?
False
Is 57125291 a prime number?
True
Is 31366618487 a composite number?
True
Is 33042708617 prime?
False
Is 713405801 composite?
False
Is 1322443393 composite?
False
Is 7289182643 a prime number?
True
Is 763276361 composite?
False
Is 6363421447 prime?
True
Is 255574965055 a prime number?
False
Is 2630969543 prime?
True
Is 47203159 a prime number?
True
Is 1255267721 a prime number?
True
Is 2261039437 a prime number?
False
Is 10912571693 a composite number?
False
Is 287617259 composite?
False
Is 393447441 composite?
True
Is 19287078497 a prime number?
True
Is 434093615 a prime number?
False
Is 1258052893 composite?
False
Is 960034121 composite?
False
Is 2385618871 composite?
True
Is 446412013 a composite number?
False
Is 71886920429 composite?
True
Is 63560769715 composite?
True
Is 496901579 a composite number?
True
Is 14351988589 prime?
False
Is 1875064969 a prime number?
True
Is 87160169 a composite number?
True
Is 31470704129 a prime number?
True
Is 117885793043 a composite number?
False
Is 65034791147 prime?
True
Is 180151787 prime?
False
Is 11015487611 a composite number?
False
Is 265667011 composite?
False
Is 17896327643 prime?
False
Is 17759162503 prime?
False
Is 963024661 prime?
True
Is 19376917817 composite?
False
Is 15300428527 a prime number?
True
Is 537117173 a composite number?
False
Is 91541893649 a prime number?
True
Is 8692532083 a composite number?
False
Is 367168603 a prime number?
True
Is 22430409641 a prime number?
True
Is 2689396887 composite?
True
Is 2153328347 a composite number?
False
Is 1939481 prime?
True
Is 4971828731 a prime number?
True
Is 17296595047 a composite number?
True
Is 6606116221 composite?
False
Is 3739726087 composite?
False
Is 2723714159 prime?
True
Is 2037450317 a composite number?
True
Is 126570847189 composite?
True
Is 63730104653 a composite number?
False
Is 3885443527 composite?
True
Is 4807956713 a composite number?
True
Is 185340190223 prime?
False
Is 7146000673 composite?
True
Is 1632870457 composite?
False
Is 213822551 prime?
True
Is 63013269481 a prime number?
True
Is 172701598661 composite?
False
Is 37071217 a composite number?
False
Is 1467925331 composite?
True
Is 2141361721 a prime number?
True
Is 24237604051 prime?
True
Is 7123982077 composite?
True
Is 587567023 a composite number?
True
Is 2898178417 a prime number?
False
Is 97383113539 a composite number?
False
Is 8891472127 prime?
False
Is 36534399562 composite?
True
Is 68679431 composite?
True
Is 12501993487 a composite number?
False
Is 298563143 prime?
True
Is 12664483529 composite?
False
Is 1263981181 a prime number?
False
Is 28344505889 a composite number?
True
Is 10912021787 prime?
True
Is 7302384647 a prime number?
False
Is 3413175515 a prime number?
False
Is 718865053 composite?
True
Is 5951051 composite?
False
Is 3015435781 prime?
False
Is 752107931 composite?
True
Is 4685684569 a composite number?
False
Is 5053092323 a composite number?
